of l and a.
5
Let u be 12/(-24) + 642/4. What is the greatest common divisor of 20 and u?
20
Let s = -71 + 111. Suppose 0 = 2*w - 14 - 6. What is the highest common divisor of w and s?
10
Suppose 5*h - k - 51 = 0, 0 = 3*h - 2*k - 15 - 10. Let j be 4/(-22) + 91/77. Calculate the highest common factor of j and h.
1
Let n(q) = -q - 4. Let u be n(-9). Calculate the greatest common factor of u and 25.
5
Let c be (0 + 2 - 2)/1. Suppose 14 = 5*s + z, 5*z + c = 5*s - 20. Suppose s*t - 450 = -2*t. Calculate the highest common factor of t and 9.
9
Let j(n) = -3*n**3 + n + 1. Let m be j(-1). Suppose -3*s - 11 - 1 = 0, 0 = -5*k + m*s + 112. What is the greatest common factor of k and 4?
4
Suppose -10 = -2*a - i, 7*i = 4*i + 12. What is the greatest common divisor of a and 3?
3
Suppose l = 4*t - 13, -5*l = 3*t + 1 - 5. Suppose -w + 5 = -t*p + 5*p, 2*w - 4*p = -30. Let j = 37 + w. Calculate the highest common divisor of j and 16.
16
Let q be -2*(4 + -3 + 0) - -127. Calculate the greatest common factor of q and 50.
25
Let d(y) = y**2 + 2*y - 3. Let h be d(-3). Suppose -3*w = -c - 2 + 7, -4*w = -5*c + 58. Suppose h + c = r. What is the greatest common factor of r and 28?
14
Let a = 75 - 45. Let r(y) = -y**2 - y + 10. Let f be r(0). Calculate the greatest common divisor of f and a.
10
Let b = -42 - -52. Suppose 5*d - 19 = 31. What is the highest common divisor of b and d?
10
Let s be 3*21/9*1. Let m = s + -4. What is the greatest common divisor of m and 3?
3
Let b(m) = -9*m**3 + 2*m**2 + 3*m + 2. Let x be b(-1). Suppose -2*q = 3*q - 10. What is the highest common divisor of q and x?
2
Suppose w + 3 - 6 = 3*o, -5*w = 4*o + 4. Suppose -3*p + 24 = -w*p. Let x(m) = -13*m + 16. Let h be x(0). Calculate the highest common divisor of p and h.
8
Let p = 160 + -75. What is the greatest common divisor of 34 and p?
17
Suppose 33 = 65*f - 62*f. Let i be (-1)/3 + 102/9. What is the highest common divisor of i and f?
11
Let t be -1 + -2 + -5 + 12. Let j = -27 - -39. Calculate the greatest common factor of t and j.
4
Suppose -18*z + 22 = -16*z. Calculate the highest common factor of 77 and z.
11
Let o = 4 + -3. Suppose -2*c + 1 = -o. What is the greatest common divisor of 5 and c?
1
Suppose -2*a - 22 = 3*a - 4*x, -14 = 4*a - 2*x. Let u be (-51)/(a + -1) - 2. What is the greatest common factor of u and 30?
15
Let s = -18 + 15. Let q be 75 - -3 - (s + 1). Calculate the highest common factor of 8 and q.
8
Let v = -35 + 63. Suppose -2*d + v + 16 = 0. Calculate the highest common divisor of 55 and d.
11
Let p = 71 + -55. What is the greatest common factor of 16 and p?
16
Suppose 0 = 3*r + 3*v + 102, 4*r + 3*v + 2*v = -137. Let k = r + 81. Calculate the highest common factor of 32 and k.
16
Suppose -21 = -w - 15. Calculate the highest common divisor of w and 114.
6
Let p be 141/18 + (-6)/(-36). Let i = p + 4. Calculate the greatest common divisor of i and 108.
12
Let t = -17 + 43. What is the highest common divisor of 130 and t?
26
Suppose -k + 5*a + 34 = -23, 4*a + 61 = k. Calculate the highest common divisor of 7 and k.
7
Suppose 2*x - 42 = -x. What is the highest common divisor of 21 and x?
7
Let y(z) = -4*z - 6. Let b(g) = 1. Let c(r) = -6*b(r) - y(r). Let w be c(3). Calculate the greatest common divisor of w and 96.
12
Let p = 129 + -125. What is the greatest common divisor of p and 32?
4
Let q(a) = 3*a**2 - 2*a + 7. Let p be q(-4). What is the greatest common divisor of p and 42?
21
Let d = -7 - -13. Let z = 9 - d. Suppose 4 = -2*t + 4*t. What is the greatest common factor of z and t?
1
Suppose 243 = -0*u - 3*u. Let t be ((-4)/(-6))/((-3)/u). What is the greatest common factor of 6 and t?
6
Let b(r) = -r**2 + 6*r + 2. Let k be b(6). Suppose -i + 27 = k*m - 0, -4*m + i + 45 = 0. Calculate the greatest common factor of m and 12.
12
Suppose -4*w + 0*w + 3*r = 3, 5*w = 4*r - 5. Let s = -32 + 33. What is the highest common factor of s and w?
1
Let h(i) be the second derivative of i**5/20 + 3*i**4/4 - 5*i**3/6 - 5*i**2/2 + i. Let o be h(-9). What is the highest common factor of o and 4?
4
Let i(w) = w + 2. Let q be i(3). Suppose q*r = -36 + 216. Calculate the highest common divisor of 4 and r.
4
Let j = 0 + 3. Suppose -7*w = -j*w - 100. Calculate the greatest common divisor of 5 and w.
5
Suppose -2*o - 50 = -7*o. What is the highest common factor of 10 and o?
10
Let h be 16/28 - (3 + 283/(-7)). What is the greatest common divisor of 304 and h?
38
Let m be 57 + (30/(-20))/(1/(-2)). What is the greatest common factor of m and 15?
15
Let w = -29 + 53. Let d(p) = p**3 - 6*p**2 - 7*p + 4. Let y be d(7). Suppose -240 = -0*q - y*q. What is the greatest common factor of q and w?
12
Suppose -m = -2*m + 67. Let f = m - 31. Let c(u) = u**2 - u + 6. Let v be c(0). What is the greatest common divisor of f and v?
6
Let z(y) = -y**2 - y + 94. Let w be z(0). Let n = 30 + -25. Let j be w/8 + n/20. Calculate the greatest common factor of 96 and j.
12
Suppose -5*a - 45 = -5*f + 2*f, 0 = -f + 3*a + 19. Calculate the highest common divisor of 70 and f.
10
Let v(h) = -3*h - 1. Let i be v(2). Let b(c) = 4*c**2 - 4 - 4*c**2 + c**2. Let g be b(i). What is the greatest common factor of g and 5?
5
Let l(k) = 5*k**2 - 6*k + 2. Let a be l(4). Let m = 113 - a. Calculate the greatest common factor of 5 and m.
5
Suppose 0*l - 189 = -3*l. Calculate the greatest common divisor of l and 9.
9
Let c be (1 + -9)/(-4) - -6. Suppose -5*m = 4*l - 244, 5*m - 73 = -l + 3. Calculate the highest common factor of l and c.
8
Suppose 0 = k + 5*h - 30, -3*k - 5*h + 53 = -17. Calculate the greatest common factor of k and 20.
20
Suppose 5*x + 3 = i - 20, 3*i + 5*x - 29 = 0. Calculate the greatest common divisor of i and 65.
13
Let z be (75 + 2 - 2) + 1. Suppose i - z = 18. Let r be i/5 + 1/5. Calculate the greatest common factor of 133 and r.
19
Suppose 207 = 4*i - 5*n, -3 = 5*n + 12. Calculate the greatest common factor of i and 120.
24
Suppose -12 = -r - 5*h, -3*r = -5*r + h + 2. Suppose 0 = -0*d + r*d - 102. What is the greatest common divisor of d and 17?
17
Let w be 62/6*(-18 - 0). Let g be w/(-10) + (-4)/(-10). Suppose 0 = 9*l - 271 - 1610. Calculate the highest common factor of l and g.
19
Let l = 127 - 51. What is the highest common factor of l and 19?
19
Let u be 0 + -1 + (-32)/(-8). Suppose u*k = -k + 240. Calculate the greatest common factor of k and 12.
12
Suppose -4 = -3*y - 5*r + 41, 44 = 5*y - 2*r. Let z(t) = t**3 - 2*t**2 + 2*t. Let l be z(3). Calculate the highest common divisor of y and l.
5
Let v(r) = -42*r**3 + r + 1. Let w be v(-1). Let d be -36*3/(-9) - 2/(-1). Calculate the greatest common factor of w and d.
14
Suppose 4*v + 48 = 4*j, 2*j - 9 = -2*v + 31. Let z be 2 + 7 - (0 + 1). Calculate the highest common divisor of j and z.
8
Let x(g) = 6*g. Let c be x(3). Calculate the highest common factor of c and 12.
6
Let i = 12 + 12. What is the highest common factor of 6 and i?
6
Let n(p) = -2*p**3 + p**2 + 2*p + 1. Let g be n(-1). Let s be (-15)/g*4/(-6). Calculate the highest common factor of 5 and s.
5
Let k be (-813)/(-9) + (-4)/12. Suppose -x = -15 - 21. Calculate the greatest common factor of k and x.
18
Let l be ((-588)/9)/(-2) - (-4)/(-6). Let k be 26/8 - 1/4. Suppose 0*f - 12 = -k*f. What is the highest common factor of f and l?
4
Let r(j) = -2*j - 5. Let t(d) = 5*d + 14. Let g(m) = -8*r(m) - 3*t(m). Let i be g(6). What is the greatest common factor of 4 and i?
4
Let n(q) = -q**3 - 3*q**2 - 10*q - 15. Suppose 0 = k - 3*k - 12. Let x be n(k). What is the greatest common divisor of x and 17?
17
Let g(f) be the third derivative of f**6/120 + 7*f**5/60 + 5*f**4/24 + 3*f**3/2 - f**2. Let r be g(-6). What is the highest common divisor of 5 and r?
5
Let w be 12/(-42) - 914/(-14). Suppose v = 4*r - 3*v - 80, -4*r = -v - w. Suppose 0*g = 2*g - 330. Calculate the highest common divisor of r and g.
15
Suppose 0 = -4*t + 219 + 5. Calculate the highest common factor of t and 21.
7
Let x(o) = 4*o**2 - 2*o - 3. Suppose 0 = -2*i - 4*p + 8 + 18, -3*p = -15. Let j be x(i). Suppose r + j = 4*r. Calculate the highest common factor of 3 and r.
3
Let i = -2 + 16. Suppose d + 4*c = -8, 4*d = -5*c - 19 - 2. Let s = d + i. Calculate the greatest common factor of 15 and s.
5
Suppose 0*w + 3*w - 72 = 0. Let n = -107 + 179. Wh